01 (base 7) to base 10
-2206
What is b789 (base 13) in base 4?
12031313
What is 1111011 (base 2) in base 11?
102
Convert -1600 (base 8) to base 2.
-1110000000
-2111012 (base 4) to base 7
-36551
What is b638 (base 14) in base 10?
31410
What is -134114 (base 6) in base 13?
-5953
Convert a05 (base 11) to base 10.
1215
1363 (base 16) to base 4
1031203
31450 (base 6) to base 15
1403
Convert -120341 (base 5) to base 7.
-16015
What is -a4 (base 16) in base 5?
-1124
What is -586 (base 16) in base 12?
-99a
Convert -6b83 (base 15) to base 10.
-22848
Convert -120034 (base 6) to base 15.
-312a
What is c2a5 (base 14) in base 10?
33465
Convert -83b (base 14) to base 5.
-22441
791 (base 11) to base 14
4b9
What is -a65 (base 16) in base 2?
-101001100101
What is -144343 (base 5) in base 9?
-8474
83c1 (base 14) to base 16
58b5
What is 1011000100011000 (base 2) in base 13?
17835
What is 2322103 (base 4) in base 9?
17317
310244 (base 6) to base 12
12384
-89b3 (base 14) to base 16
-5d41
Convert -6a3 (base 11) to base 10.
-839
Convert -31d1 (base 14) to base 4.
-2012203
190dd (base 15) to base 7
455521
What is -110010111 (base 2) in base 6?
-1515
Convert 771 (base 9) to base 5.
10011
1001101110 (base 2) to base 6
2514
What is -19a34 (base 12) in base 15?
-b2cd
1351 (base 7) to base 14
298
Convert -7524 (base 9) to base 6.
-41334
552 (base 8) to base 4
11222
Convert 559 (base 11) to base 4.
22131
What is -21102211 (base 3) in base 13?
-2611
What is -2210 (base 6) in base 11?
-424
What is -40032 (base 8) in base 15?
-4ce0
What is 3050 (base 15) in base 8?
23730
101231 (base 4) to base 6
5125
-11000001110 (base 2) to base 5
-22200
Convert -14312 (base 5) to base 14.
-623
30132 (base 4) to base 14
410
-666 (base 13) to base 10
-1098
What is -34951 (base 10) in base 4?
-20202013
4335 (base 7) to base 3
2010020
Convert -1c83 (base 16) to base 3.
-101000100
Convert -1240330 (base 5) to base 8.
-57621
Convert -555 (base 9) to base 8.
-707
Convert 21476 (base 8) to base 11.
6862
Convert -22022210 (base 3) to base 9.
-8283
What is -147 (base 8) in base 14?
-75
Convert -142440 (base 5) to base 6.
-43431
What is -1010110001 (base 2) in base 5?
-10224
111552 (base 7) to base 11
139a0
What is 1102010 (base 3) in base 5?
13104
Convert -2c0 (base 14) to base 10.
-560
-21653 (base 10) to base 4
-11102111
2503 (base 14) to base 11
4953
Convert -10000110110 (base 2) to base 6.
-4554
What is -188 (base 14) in base 15?
-161
Convert 2541 (base 7) to base 15.
440
Convert 1830 (base 14) to base 4.
1010002
What is 7204 (base 10) in base 11?
545a
-4592 (base 16) to base 7
-102632
Convert 211120120 (base 3) to base 6.
204110
What is 1103 (base 6) in base 16?
ff
30e (base 15) to base 7
2003
-157 (base 13) to base 10
-241
Convert -157b7 (base 12) to base 11.
-20a29
9811 (base 12) to base 8
40515
-10a64 (base 13) to base 9
-45543
Convert -c9b (base 15) to base 13.
-13ac
-22210002 (base 3) to base 5
-201101
What is -21312020 (base 4) in base 3?
-2001022122
What is 4122 (base 8) in base 13?
c7b
What is -17842 (base 9) in base 3?
-121221102
What is -78b (base 16) in base 15?
-88b
3bb (base 15) to base 16
353
What is -198 (base 14) in base 4?
-11022
Convert 448 (base 9) to base 3.
111122
-50285 (base 10) to base 9
-75872
Convert -1724 (base 8) to base 2.
-1111010100
What is -112443 (base 5) in base 10?
-4123
What is 2200 (base 5) in base 13?
1a1
455 (base 7) to base 9
282
What is -24615 (base 10) in base 8?
-60047
-1540 (base 9) to base 6
-5230
What is -4794 (base 11) in base 2?
-1100010000010
Convert -2443 (base 6) to base 2.
-1001011011
-3e4 (base 15) to base 10
-889
What is -9b22 (base 13) in base 12?
-10650
-1c1f (base 16) to base 12
-41bb
Convert 10011100000001 (base 2) to base 13.
4711
121411 (base 5) to base 4
1013332
Convert 100011221 (base 3) to base 7.
25342
What is 336 (base 7) in base 4?
2232
-13601 (base 7) to base 11
-2887
Convert 210333 (base 5) to base 2.
1101100111000
What is -62b (base 13) in base 2?
-10000011011
What is -232540 (base 6) in base 12?
-b750
Convert -246 (base 10) to base 4.
-3312
774 (base 15) to base 16
694
-1010010 (base 3) to base 4
-30231
What is -1b6b (base 13) in base 4?
-1000301
110000101011010 (base 2) to base 10
24922
Convert 2b6 (base 13) to base 8.
747
7791 (base 11) to base 13
4897
Convert 1001000010 (base 2) to base 5.
4303
Convert 1263 (base 7) to base 10.
486
What is -1050 (base 6) in base 9?
-303
Convert -6105 (base 7) to base 14.
-aac
Convert 1ec (base 15) to base 10.
447
-1968 (base 12) to base 4
-300200
Convert 130 (base 11) to base 9.
181
What is 31807 (base 11) in base 5?
2434404
4101 (base 7) to base 12
9a6
-1330023 (base 4) to base 15
-254c
Convert -2a76 (base 14) to base 6.
-54544
Convert -382a (base 11) to base 16.
-1381
What is -415 (base 9) in base 10?
-338
Convert 5100 (base 6) to base 8.
2134
Convert b755 (base 15) to base 16.
977c
What is 4e9e (base 16) in base 4?
10322132
What is -122342 (base 5) in base 10?
-4722
What is -21022 (base 6) in base 15?
-c82
What is 530 (base 8) in base 2?
101011000
286 (base 15) to base 5
4301
-1102340 (base 5) to base 2
-100101010010111
212210 (base 3) to base 4
22002
Convert 4d03 (base 14) to base 8.
32327
What is 275 (base 14) in base 7?
1305
2346 (base 9) to base 10
1743
-572c (base 13) to base 3
-121202002
What is -1111101 (base 4) in base 12?
-31a9
What is -4652 (base 10) in base 15?
-15a2
What is -1759 (base 11) in base 7?
-6352
Convert -729 (base 13) to base 5.
-14333
What is -1284 (base 9) in base 10?
-967
What is -5042 (base 6) in base 9?
-1458
Convert -131310 (base 4) to base 11.
-1485
Convert a76a (base 12) to base 6.
221014
100100000110011 (base 2) to base 10
18483
Convert -333010 (base 5) to base 7.
-45623
Convert 301010 (base 4) to base 6.
22312
-11011 (base 5) to base 9
-1030
-2522 (base 12) to base 11
-3180
Convert 241 (base 6) to base 2.
1100001
475 (base 9) to base 5
3032
Convert -10111101001000 (base 2) to base 4.
-2331020
Convert 1d32 (base 14) to base 9.
7278
What is -1000011 (base 2) in base 14?
-4b
-4412 (base 5) to base 14
-315
What is -430 (base 13) in base 9?
-874
What is 11948 (base 11) in base 9?
25424
-5895 (base 12) to base 11
-7495
Convert -317 (base 9) to base 3.
-100121
Convert 3322 (base 5) to base 6.
2050
-285 (base 13) to base 6
-2023
What is -4041023 (base 5) in base 10?
-65138
13618 (base 9) to base 14
352b
Convert 13511 (base 7) to base 9.
5042
Convert -100011100 (base 2) to base 12.
-1b8
What is 153 (base 8) in base 14?
79
Convert -1021111 (base 3) to base 7.
-2500
-2134 (base 7) to base 12
-534
What is 2155 (base 6) in base 10?
503
48a4 (base 16) to base 7
105134
What is -652 (base 7) in base 6?
-1311
Convert -9876 (base 10) to base 3.
-111112210
1a924 (base 14) to base 5
4131102
What is -3cdb (base 15) in base 6?
-140155
Convert 2885 (base 11) to base 6.
25123
What is -133122 (base 5) in base 7?
-21531
14 (base 8) to base 2
1100
What is 43177 (base 8) in base 13?
82a3
2b0 (base 15) to base 8
1147
What is 36 (base 8) in base 7?
42
Convert -85 (base 14) to base 13.
-90
What is -10010120010 (base 3) in base 10?
-61644
-3340 (base 7) to base 12
-844
-7465 (base 8) to base 11
-2a1a
What is -100000001 (base 2) in base 13?
-16a
Convert 411 (base 6) to base 2.
10010111
-15257 (base 8) to base 7
-25626
-641 (base 9) to base 11
-436
1770 (base 9) to base 16
54f
-1211 (base 11) to base 10
-1585
Convert -111111101000 (base 2) to base 7.
-14605
What is -22046 (base 7) in base 11?
-4170
Convert 3134 (base 9) to base 3.
10011011
4414 (base 5) to base 11
504
a7a (base 12) to base 4
113332
Convert -1326 (base 7) to base 4.
-13332
4535 (base 7) to base 9
2225
What is 110024 (base 5) in base 12?
2218
Convert 183e (base 16) to base 11.
4732
-1000100010 (base 2) to base 16
-222
What is 24a (base 12) in base 9?
424
Convert -224223 (base 5) to base 11.
-6070
Convert -21237 (base 10) to base 14.
-7a4d
Convert -108720 (base 9) to base 6.
-1223030
-1110111100111 (base 2) to base 7
-31214
What is -1847 (base 11) in base 13?
-10ba
7725 (base 8) to base 13
1aca
What is 405 (base 14) in base 12?
559
What is 21a (base 13) in base 16?
169
Convert -50546 (base 7) to base 2.
-10111111111100
2248 (base 13) to base 16
12b8
112021 (base 3) to base 4
12001
What is -237 (base 14) in base 6?
-2013